sands digit of r?
3
Let i(y) = -2*y**2 + 53*y - 6. Let k be i(25). Let v = -69 + k. Suppose -4*t - 4 = v, 5*t + 108 = 5*r - 112. What is the tens digit of r?
4
Suppose 144 = 5*l - 21. Suppose -4*n = a + n - l, -a + 28 = 4*n. What is the units digit of 0 - -51 - (a + -5)?
8
Suppose 12*o - 6*o = 222. Suppose -285 = -2*r - o. What is the tens digit of r?
2
Let l = -345 - -773. What is the hundreds digit of 1 + l*(-8)/(-16)?
2
Suppose -3*d = -12, 5*g + 5*d - 2787 = 2*d. Suppose 4*h = f - 260, -2*f - 4*h + 5*h + g = 0. What is the units digit of f?
0
Suppose -3*l - f = -930 - 5418, l = 5*f + 2132. Suppose 0 = 9*x - l - 1015. What is the tens digit of x?
4
Let d be -1 + -2 + 10 + 878. Suppose 12 = v - 5*v, d = 2*n + 5*v. What is the tens digit of n?
5
Let d be 114/22 - 142/781. Suppose 2*m - 7*t - 1558 = -10*t, -3895 = -d*m - t. What is the hundreds digit of m?
7
Let z = -7342 - -13159. What is the thousands digit of z?
5
Suppose 4 = -13*k + 11*k. Let s be 42/(42/6)*(-1)/k. Suppose -2*f + 4*n = -124, -n + s*n = -f + 66. What is the tens digit of f?
6
Suppose 41*j = -39*j - 38*j + 4539460. What is the ten thousands digit of j?
3
Suppose -828645 = -64*l + 199494 + 302933. What is the ten thousands digit of l?
2
Suppose h + 5*r = 15313, -4*h - r = 12883 - 74192. What is the hundreds digit of h?
3
Suppose 8427*c + 8436 = 8465*c. What is the hundreds digit of c?
2
Let o(y) = -4023*y + 1950. What is the tens digit of o(-3)?
1
Let b(n) = -238*n - 1. Let j be b(1). Suppose 9*s = 8*s + y - 146, s + 155 = 4*y. Let w = s - j. What is the units digit of w?
6
Suppose -11*h + 12*h + 12 = 0. Let r = h - -61. Suppose -r + 40 = -a. What is the units digit of a?
9
Suppose -10460 = -q - 5*i, -18*q + 14*q + 41890 = -5*i. What is the tens digit of q?
7
Let u(s) = 3*s**2 - 84*s + 55. What is the tens digit of u(-38)?
7
Let w(h) = -832*h - 1271. What is the ten thousands digit of w(-51)?
4
Suppose -v + 501 = 2*w + 3*w, 2*v - 497 = -5*w. Suppose -93 = 2*a + 3. Let h = a + w. What is the units digit of h?
3
Let m(r) = 19*r**2 + 15*r + 1744. What is the tens digit of m(-46)?
5
Suppose 116*j - 100*j + 32 = 0. Suppose 5*f - 30 = k, -k + 0*k - 5*f = 0. What is the tens digit of (-26044)/(-255) - j/k?
0
Suppose -5*r + 1122 = -538. Suppose -5*y = -y - r. Suppose -7*v + y = -141. What is the units digit of v?
2
Let i(l) = l**2 + 46*l - 33. Let k be i(-25). Let m = k - -841. What is the units digit of m?
3
Suppose -l + 324 = l + 4*m, -3*l - m + 491 = 0. Let x = l + -69. What is the units digit of x?
5
Let t be (-1 - (-39)/9)/((-16)/360). Let w = t + 81. What is the units digit of ((-4)/w)/((-18)/135)?
5
Suppose 4*g = -4*q + 9096, 5*g = 2*g + 3*q + 6840. What is the hundreds digit of g?
2
Suppose 18544 = -21*p + 2*p. Let x = p + 2559. What is the units digit of x?
3
Suppose 83*i - 271581 = 358140. What is the tens digit of i?
8
Let w be 4 + 133/(-28) - (-15)/4. Let v(a) = -a**3 + a**2 - 2*a - 6. Let h be v(w). Let i = h - -63. What is the units digit of i?
3
Let d(r) be the first derivative of 3*r**2/2 + 63*r - 18. Let g be d(-21). What is the units digit of g - (-5)/(20/216)?
4
Let p = -685 - -697. Suppose p*o = 3*o + 1755. What is the units digit of o?
5
Let g = 32 - 30. Suppose -g = -21*q + 20*q. Suppose -4 = -0*o - o, -51 = -d - q*o. What is the tens digit of d?
4
Let p(s) be the third derivative of -s**6/120 + s**5/60 + 7*s**4/24 - s**3/3 + 27*s**2. Let l be p(3). What is the units digit of ((-10)/6)/(5/(-375)*l)?
5
Let o(i) be the third derivative of i**4/6 + 11*i**3/3 - 53*i**2. What is the tens digit of o(0)?
2
Suppose 3*x - 325*l = -330*l + 83787, l = -4*x + 111750. What is the thousands digit of x?
7
Let u = 192 + 789. Let q = u + 133. What is the hundreds digit of q?
1
What is the tens digit of 9*10/315 - (-1576216)/56?
4
Suppose -2*f + 3*i + 53 + 29 = 0, 3*f + 3*i - 108 = 0. Let k = f + 105. What is the tens digit of k?
4
Let g = 289 - 484. Let z = 252 + g. What is the tens digit of z?
5
Let i = -47 - -62. Suppose -i*l = -10*l + 10. What is the hundreds digit of ((-5)/10)/(l/14)*32?
1
Let s be (-48)/(-26) + 42/273. Let k be s/(-5) + (-4)/(-10). Suppose -x + 2 = 0, -5*r + 589 = -k*r + 2*x. What is the units digit of r?
7
Let b(o) = 2*o**3 - 30*o**2 - o + 17. Let f be b(15). Suppose 4*d + 3564 = 8*d + 2*p, -4*p + 1782 = f*d. What is the hundreds digit of d?
8
Suppose 35*z - 964 + 6109 = 0. Let i = 1 + 3. What is the hundreds digit of i/(-16)*z*4?
1
Let n = 313 - 300. Let v(s) = -s**3 + 14*s**2 + 13*s + 65. What is the tens digit of v(n)?
0
Let k be 0 + 3/15 - (-64246)/70. Suppose 1318 = 2*x + 4*n, -5*n - 268 = x - k. What is the units digit of x?
5
Suppose 5557 = -103*z + 106*z - 4*s, -2*s - 7406 = -4*z. What is the hundreds digit of z?
8
Suppose 113179 = -4*h + 3*z, 4*h = 9*h - 4*z + 141475. What is the units digit of h/(-76) - (-2)/(-8)?
2
Let q be (-1)/4*0/4. Suppose o + v - 25 = -q*o, -45 = -o + 3*v. Suppose -6*d + 300 = o. What is the tens digit of d?
4
Suppose -4*u = 26 + 10. Let z = 21 + u. Suppose 10 = z*m - 11*m. What is the units digit of m?
0
Let c be 12*(-10029)/(-63) + (-4)/14. What is the hundreds digit of (4 + -3)*c/5?
3
Suppose 5*g = -f + 2352, 2690 = -4*f - g + 12041. What is the tens digit of f?
3
Suppose 2*d = a + 952, 3*d - 2*a - 1430 = -0*a. Suppose -14*l + 20*l = 18. Suppose 0 = -l*v - 3*v + d. What is the units digit of v?
9
What is the thousands digit of 7729 - -250 - ((-2)/(-5) + (-74)/10)?
7
Let t(b) = -4*b - 39. Let k be t(-10). What is the tens digit of 303*k - (3 - 10)?
1
Let u = -57789 - -84287. What is the units digit of u?
8
Let q = 78648 + -24340. What is the hundreds digit of q?
3
Suppose 0 = -2*t, k = 152*t - 151*t + 8083. What is the units digit of k?
3
Let z = -12913 + 53393. Suppose z = 25*k + 13555. What is the units digit of k?
7
Let v(o) = -108*o + 293. What is the units digit of v(-52)?
9
Let k(f) = -10*f - 35. Let u be 4/(-14) - 4/(-28)*93. Let v(g) = -g**3 + 14*g**2 - 15*g + 20. Let l be v(u). What is the tens digit of k(l)?
2
Let o(m) = -m**3 + 8*m**2 + 9*m - 10. Let r be o(8). Let f = -45 + r. Let v(l) = l**3 - 18*l**2 + 20*l + 6. What is the units digit of v(f)?
7
Let v = -337 - -340. Suppose i = -4*d + 591, -5*i + 8*d - v*d + 2905 = 0. What is the units digit of i?
3
Let h(g) = -438*g - 1663. What is the hundreds digit of h(-17)?
7
Suppose 5*w - 341585 = -5*v, -10*v + 8*v = 4*w - 273270. What is the units digit of w?
8
Suppose 61 + 119 = 4*p. Let f = -28 + p. Suppose -r = -0*r + 5*m + f, r + m - 3 = 0. What is the units digit of r?
8
Let b(c) = c**3 - 8*c**2 + c + 45. Let d be b(7). Suppose -926 = -5*j - 3*a, -4*j - a = -d*a - 732. What is the units digit of j?
4
Let t(c) = 2*c**2 + 16*c - 2. Let d be t(-6). Let o be 1178/4 + 0 - 13/d. Let x = -188 + o. What is the hundreds digit of x?
1
Let y(o) = -6*o**3 - 103*o**2 - 65*o + 176. What is the thousands digit of y(-31)?
1
What is the hundreds digit of (-314508)/6*(-49)/98?
2
Suppose 35*w - 9*w - 15730 = 0. Suppose 0 = -2*d - 4*b + 104 + 216, b = -4*d + w. What is the units digit of d?
0
Let a be (-30)/(-5) + 16/(-4). Suppose 0 = -2*y + 5*x + 746, -a*y - 2*x - 2*x = -728. What is the tens digit of y?
6
Let g be (1 - 2)/(4/(-8)). Suppose -g*r + 124 = -4*r. Let x = -4 - r. What is the tens digit of x?
5
Let u = 500 + 1495. Let l = u - 1377. What is the tens digit of l?
1
Let a(t) = 267*t**2 + 15*t - 3. Let i be a(5). Suppose -1086 + i = 17*x. What is the units digit of x?
3
Let s(j) = 93*j**2 + 2*j - 1. Let l be s(-1). Suppose 16*f - l = 15*f. Suppose f = 2*h - 50. What is the units digit of h?
0
Let w be 64/96 + 8/6 + -3. What is the tens digit of 3 + (-4)/(w + 5) + 138?
4
Suppose -465 = -w - 9. Let t = w + -272. What is the units digit of t?
4
Let i = 58356 - 21098. What is the tens digit of i?
5
Suppose -15*u - 50 = -5. What is the hundreds digit of (-4860)/(-144)*(-32)/u?
3
Let m = 49 + -51. Let i be (-16)/72 - (m + (-7485)/27). Suppose -2*g = -2*j - 67 + i, j = 4*g + 109. What is the hundreds digit of j?
1
Let k = -23 - -27. Suppose p + 2*p + k*t = 157, -p = 4*t - 47. What is the tens digit of (22/p)/(2/60)?
1
Suppose -j + 3*i + 22 = 0, 5*j - 24*i = -23*i + 54. Suppose -28*o + 5652 = -j*o. What is the hundreds digit of o?
3
Let x(w) = -6*w**3 + w**2 - 2*w - 2. Suppose -